e the third derivative of -13*l**4/6 - 11*l**3/6 + 11*l**2. Let n(u) = 78*u + 17. Let k(a) = -5*n(a) - 8*v(a). List the prime factors of k(2).
5, 11
Let q(o) = -o**2 + 59*o + 62. Let x be q(34). Let f = -337 + x. What are the prime factors of f?
5, 23
Suppose -k + 1084 = -5*r, 4*r + 408 + 2844 = 3*k. Suppose 8*c = 6*c + k. List the prime factors of c.
2, 271
Suppose -81653 = -5*r - z, 46*r - 5*z - 49003 = 43*r. List the prime factors of r.
7, 2333
Let j(h) = 47*h**2 - 40*h + 367. List the prime factors of j(8).
5, 13, 47
Let s = 45 - 41. Suppose 3 = -q, n - s*q - 40 = q. Suppose -5*g + 4*c + 174 = 0, -n = -4*g - 5*c + 106. What are the prime factors of g?
2, 17
Suppose -3*i - 8 - 4 = -3*w, 5*w + 7 = -4*i. Let k be (-1 + -2)*-1 + i. Suppose k = 7*g - 2*g - 380. What are the prime factors of g?
2, 19
Suppose 2*k + l - 9276 = -3131, 5*k + 4*l = 15367. Suppose 2*u = 4*f - 792 - 3346, 0 = 3*f + 5*u - k. Suppose -1284 = -12*z + f. List the prime factors of z.
193
List the prime factors of 3*5611 - (7/2 - 490/196).
2, 263
Let s = -12 - -15. Suppose -2*y + t + 3 = 0, 3*t - 3 = 6*y - s*y. Suppose -2*b + 666 = 5*p, -y*b + 5*b - 3 = 0. What are the prime factors of p?
2, 3, 11
Let c = 10386 - 6257. What are the prime factors of c?
4129
Let r = 8660 + -5898. List the prime factors of -1*2/7 - r/(-14).
197
Let c(l) = -29*l**3 + l**2 - 14*l + 29. List the prime factors of c(-5).
23, 163
Let w = 57062 - 40059. List the prime factors of w.
7, 347
Suppose -2*p = -11*p + 22140. Suppose -6*j = -11*j + p. What are the prime factors of j?
2, 3, 41
Let t(o) = -43 + o**2 + 43*o - 7*o - 17*o. What are the prime factors of t(-25)?
107
What are the prime factors of (-1)/(-5) + ((-14097888)/(-320))/(5/10)?
2, 5507
Suppose -180*z + 79*z = -1304011. List the prime factors of z.
12911
Suppose -400*b + 92616 = -383*b. List the prime factors of b.
2, 3, 227
Suppose -7*z - 19 = -54. Suppose -3*f + 781 = -n, -5*f - z*n + 775 = -2*f. What are the prime factors of f?
2, 5, 13
Suppose 0 = -1264*b + 1283*b - 603877. List the prime factors of b.
37, 859
Suppose 311*i - 309*i = 32. Let p(h) = -10*h**2 + 29*h + 3. Let w(d) = -3*d**2 + 10*d + 1. Let r(o) = 2*p(o) - 7*w(o). List the prime factors of r(i).
3, 7
Suppose 0*o - 44 = -o. List the prime factors of -7 + -1 - (o - 1414).
2, 3, 227
Let o(y) = -3*y - 20. Let m be o(-4). Let v(n) = -2*n**3 - 6*n**2 + 2*n - 21. What are the prime factors of v(m)?
3, 67
Let k(g) = 32*g**3 + 10*g**2 - 4*g + 43. List the prime factors of k(6).
23, 317
Suppose -867 = 4*c + 3*l - 3232, -5*c + 3000 = -5*l. List the prime factors of c.
5, 7, 17
Let r be (1/(-2))/(((-28)/7632)/7). Suppose -1764 = -18*y + r. List the prime factors of y.
151
Suppose 0 = -4*c + 2*v - 2861 + 411, -5*c - 3055 = 5*v. Let m = c + 796. What are the prime factors of m?
2, 23
Let h = 64226 + -45680. List the prime factors of h.
2, 3, 11, 281
Let n(d) = 1038*d + 6. List the prime factors of n(4).
2, 3, 7, 11
Let p = 18536 - 7541. What are the prime factors of p?
3, 5, 733
Suppose a = 3, 0 = -5*r + 31*a - 29*a + 34634. List the prime factors of r.
2, 433
Suppose -w = 5*w - 30. Suppose -w*s + 2*p + 15 = 0, -14 - 1 = -5*s - 3*p. List the prime factors of s + -2 + 333/3 + -2.
2, 5, 11
Suppose 9172 = -7*d + 15613 + 19116. List the prime factors of d.
3, 1217
Let a(h) = h**3 - 27*h + 2294. What are the prime factors of a(0)?
2, 31, 37
Let b = 13458 + -5163. List the prime factors of b.
3, 5, 7, 79
Suppose 3*r - 68 = -5*b, -3*b + 12 + 24 = -3*r. Suppose b*s + 25584 = 39*s. List the prime factors of s.
2, 3, 41
Let b = -209 + 379. Suppose b = 5*h - 2560. What are the prime factors of h?
2, 3, 7, 13
Let n(i) = -i**3 + 7*i**2 + 17*i + 11. Let r be n(8). Let c = -89 + r. List the prime factors of (-1 - (-6)/18) + (-790)/c.
131
Let b(u) = 4*u**2 + 16*u - 4. Let v be b(-9). List the prime factors of (v/(-12))/(6/(-171)).
2, 11, 19
Let r(u) = 21*u**2 + 32*u - 258. List the prime factors of r(20).
2, 4391
Suppose -23*h + 26*h - 146352 = -4*o, 0 = -o + 2*h + 36599. What are the prime factors of o?
3, 12197
Suppose -a + 25172 + 1857 = 2*y, 5*a = 5*y + 135160. What are the prime factors of a?
27031
List the prime factors of ((-4)/(-15))/(131/393)*8315.
2, 1663
Suppose -2*i - 37 + 5 = -2*s, -2 = -2*s - 4*i. Suppose 2180 = s*o - 933. What are the prime factors of o?
283
Suppose 0 = 7*x - 2590 - 17815. List the prime factors of x.
5, 11, 53
Let d(v) = v**2 + 3*v - 16. Let g(a) = a + 12. Let i = 76 - 98. Let f be g(i). What are the prime factors of d(f)?
2, 3
Suppose 0 = 34*m - 39*m + 60. Let j = 15 - m. Suppose 3*i = u + 171, -3*i + u - j*u = -162. List the prime factors of i.
2, 7
Suppose -4*r = 3*c - 12967, 0*r + 2*c = 5*r - 16226. Suppose 4*x = -11*y + 15*y + r, 2*y = x - 807. List the prime factors of x.
5, 163
Let q(i) = 79*i - 35. Let g be (-15)/(-45)*1*15. Let r be q(g). Suppose 2*v + 71 = n - 18, r = 4*n - 4*v. What are the prime factors of n?
7, 13
Let c be (-6560)/(-200)*(-10)/(-4)*1. Let j = 652 - c. List the prime factors of j.
2, 3, 5, 19
What are the prime factors of 67/((-5985)/(-5966) - 1)?
2, 67, 157
Suppose 2*l + 10*z = 74190, -4*l + 153576 - 5084 = 4*z. List the prime factors of l.
2, 5, 47, 79
Let d = -1 + 6. Let b(j) = -9*j - 3. Let o(n) = 2*n. Let g(q) = 6*b(q) + 30*o(q). List the prime factors of g(d).
2, 3
Suppose 39*b + 58 = 10*b. What are the prime factors of b/5 - (-187)/5?
37
Suppose -52*v - 48*v = 10*v - 1205490. What are the prime factors of v?
3, 13, 281
What are the prime factors of 820737/21 + 260/(-560) + 6/8?
11, 17, 19
Let b(j) = -382*j - 1080. Let s be b(-3). Suppose -4*z - 5 = 5*a - 1, 5*z = -a - 5. Let h = z + s. List the prime factors of h.
5, 13
Let w be ((-21)/5)/(60/(-100)). List the prime factors of w/(-21)*-2 + 2443/3.
5, 163
Let i = 142 + 12717. What are the prime factors of i?
7, 11, 167
Suppose 2*b - 3*b - 3*b = 0. Suppose 4*i - 3*i + 2*i = b. Suppose i = -2*s + 2*l + 300, -l = 5*s - 3*s - 297. What are the prime factors of s?
149
Let g be 11064/22 - 5/(-55). Suppose -12*j + 16*j + 145 = c, 0 = -3*c - 5*j + g. List the prime factors of c.
7, 23
Let x(d) = -d**2 - 10*d - 4. Let l be x(-4). Let b(m) = m**2 - 21*m - 5. Let o be b(l). Let z = 81 + o. What are the prime factors of z?
2, 7
Let l = 1483 - 2325. Let z = 883 + l. List the prime factors of z.
41
Let t(u) = u**2 + 18*u + 35. Let g be t(-12). Let c = g + 239. List the prime factors of c.
2, 101
Let b(f) = -6*f + 15. Let n be b(2). Suppose n*k - 95 + 41 = 0. Suppose -151 = -7*p - k. List the prime factors of p.
19
Suppose -11*a + 64 = 9. Let u(b) = 172*b + 114. What are the prime factors of u(a)?
2, 487
Let l be -4*(72/(-16) - -4). Suppose l*r + 3926 = 2*q + 2*q, 0 = -q - r + 986. List the prime factors of q.
983
Let t(j) = -5*j - 37 + 23 - j**2 + 31. Let c be t(-8). Let u(f) = -14*f - 11. List the prime factors of u(c).
3, 29
Suppose -3*y + 4*v = 61722 - 198825, -y - 4*v = -45685. What are the prime factors of y?
45697
Suppose 9*u = 35 + 91. Let c = u + -11. Suppose c*q + 3*j = 180, -4*q - 4*j + 6*j = -210. List the prime factors of q.
5, 11
Suppose -3*b = -5*i - 20710, 0 = -14*b + 13*b + 5*i + 6890. What are the prime factors of b?
2, 5, 691
Let t(v) = 2*v**2 - 28*v + 13. Let f be t(15). Suppose -a - 3*a = -160. Let i = f - a. What are the prime factors of i?
3
Suppose 5*z = 5*l - 278590, 8*l - 27*z = -23*z + 445776. List the prime factors of l.
2, 11, 17, 149
Suppose 5*t + 4*j + 11 = 0, -4*t + 5*j - 1 = -25. Let a(i) = -i**3 - 2*i**2 + 9*i + 5. Let r be a(-6). What are the prime factors of t/5 - (-3496)/r?
37
Suppose 3*u = 2790 + 3057. Let n = -999 + u. Suppose n = 6*v - v. What are the prime factors of v?
2, 5, 19
Let g(z) = 77*z + 464. Let o be g(-6). Suppose 0*f + 4 = f. Suppose -273 = -f*t - j, -j = o*t - 3*t + 72. What are the prime factors of t?
3, 23
Let i be (-1 - 8) + 7 - (-2)/1. Suppose i = -b + 260 + 93. What are the prime factors of b?
353
Let z be (1/(-7) + 324/63)*3. Let d be (-2768)/60 - (-2)/z. Let f = d + 121. List the prime factors of f.
3, 5
Let c(g) = g**2 + 26*g + 26. Let v = -79 - -92. List the prime factors of c(v).
13, 41
Suppose 2*m + 62 + 274 = 0. List the prime factors of (48/m)/(2/(-2786)*1).
2, 199
Let n(f) = -f**2 + 6*f + 11. Let x be n(13). Let o be (-14592)/x - -